- 5*p = -40. What is the units digit of d?
4
Suppose r - 35 = 20. Suppose 5*k + 5*h - r = -0, -20 = -2*k - 3*h. What is the tens digit of k?
1
Suppose c = 5*n + 96, -5*c + 405 = -c + n. What is the hundreds digit of c?
1
Let i be ((-18)/4)/((-6)/8). What is the units digit of 16/i*135/20?
8
Suppose -3*l + 24 = -f - 67, 2*f = -3*l + 88. What is the units digit of l?
0
Suppose -2*p - 14 = -2*w, -5*p - 4 = 2*w + 3. Suppose 0 = w*t + 4, -2*t - 34 = -2*l + l. What is the units digit of l?
2
Let s be (-5 - 2)*(-2 + 3). Let b(o) = o**2 + 3*o + 2. What is the tens digit of b(s)?
3
Suppose 0 = -2*a + 262 + 400. What is the hundreds digit of a?
3
Suppose g = -3*p + 9 - 1, 4*g + 12 = -p. Suppose o - p = -0. What is the units digit of (-1)/o + (-10)/(-8)?
1
Let c be ((-1)/1)/((-5)/15). Suppose 2*a = -3*a + 2*r + 99, -3*a = c*r - 51. What is the units digit of a?
9
Suppose -9*q - 148 = -13*q. Let y = q - -2. What is the units digit of y?
9
Suppose 4*d = 2*f - 16 - 8, -f - 2*d = -20. Let x = 11 + f. What is the tens digit of x?
2
Let h(c) = c**2 + 6*c + 3. Let m be h(-5). What is the units digit of 22 - (0 + 0)/m?
2
Let h = -9 + 13. Suppose 4*z + 5*f - 8 = 0, -z + h*f = 4 - 6. Suppose -5*x - z*q = -32, -2*q = -5*x - q + 44. What is the units digit of x?
8
Suppose -2*z + 3*s - 1 = -12, 5*z = 2*s. What is the units digit of (-3)/z*(26 + -4)?
3
Let a = 1 + -4. Let d = a + 4. What is the units digit of d?
1
Let h = -3 + -7. Let i = h - -22. Suppose -i = -4*b - 4*a, 3*a + 14 = 5. What is the units digit of b?
6
Let l = 64 + 291. What is the units digit of l?
5
Suppose 6*x = 10 + 2. What is the units digit of x?
2
Suppose 0 = -3*j + 71 + 169. What is the tens digit of j?
8
Let c = -3 - 2. Let d = 3 + c. Let q = d - -5. What is the units digit of q?
3
Suppose -3*f + 37 = 4*z, -3*z + 4*f + 34 = -25. What is the tens digit of 1*z - (-5 - -8)?
1
Let s(f) = f**2 - 8*f + 2. Let u be s(8). Suppose -d + 4*d + 5*h = 73, -3*d + 59 = -u*h. What is the units digit of d?
1
Let d = -123 - -189. What is the units digit of d?
6
Suppose -3*n = 4 + 2. Let g = -2 - n. Suppose g = -0*x + 5*x - 10. What is the units digit of x?
2
Let h(n) = n**2 - 3*n - 4. Let u be h(3). What is the units digit of (-121)/(-22) - 2/u?
6
Let p(u) = u**3 + 7*u**2 + u - 3. Suppose 2*x = -2*m - 14, -m - 3 = 5*x + 8. What is the units digit of p(m)?
7
Suppose 3*d + 3*k + 2*k - 36 = 0, 2*k = -d + 12. Suppose 4*r - 46 + 14 = 4*u, -5*u - 4 = r. Let m = d - r. What is the units digit of m?
6
Let c = 790 - 472. What is the tens digit of c?
1
Suppose -1 = -5*c + 9. Suppose -7 = c*q - 53. What is the tens digit of q?
2
Let t = 20 + -11. What is the units digit of t?
9
Let o = 49 + -29. Let x = o - -13. What is the tens digit of x?
3
Let q(w) = -w**3 - 6*w**2 + 6*w - 5. Suppose 2*u + 0*u = -14. What is the units digit of q(u)?
2
Let f be 0/(6/(-3 - 0)). Suppose f*r = r - 15. Suppose -2*y = y - r. What is the units digit of y?
5
Suppose -6*h + 2*h + 20 = 0. Suppose -8 = 5*y + m + 2, 3*y - h*m = -34. What is the units digit of (16/y - -2)*-3?
0
Suppose 4*p - 3*j + 2*j = 281, -3*p - 3*j + 192 = 0. Suppose -5*c + 2*c = -p. What is the units digit of c?
3
Let t(a) = -5*a**3 - 2*a**2 + 3*a + 3. Let u be t(-3). Suppose -6*w = -8*w - 6. What is the units digit of u/9 - 2/w?
3
Let z = -3 + 8. What is the units digit of 3/z - 126/(-15)?
9
Let s(d) = d + 2. Let c be ((-10)/4)/((-2)/4). Let y = c - 0. What is the units digit of s(y)?
7
Suppose -4*r = -3*i - 97, 2*i = 3*r - 77 + 4. What is the units digit of r?
5
Suppose 4*f + 2*j + 10 = 0, f + 10 = -5*j + 3*j. Suppose f = -2*x - 3*x - h + 66, -47 = -4*x + 5*h. What is the units digit of x?
3
Let j(s) = -s**3 + 6*s**2 - 5*s + 1. Let o be 54/10 - (-10)/(-25). Let r be j(o). What is the tens digit of 22/4*(r + 1)?
1
Let g be -2*18/8*-14. Let t = g - 43. What is the units digit of t?
0
Suppose 155 = 5*s - 50. What is the units digit of s?
1
Suppose 0 = 3*q - 15, 2*c + 10 + 5 = 5*q. Suppose r = c, -j + 4*j + 6 = 3*r. What is the units digit of j?
3
Suppose -2 = -2*z + 4. What is the units digit of z?
3
Let w be 2 + 2 + -3 + 2. Let a = -1 + w. Suppose -q - a = -3. What is the units digit of q?
1
Suppose -n = -5*d + 22, -n + 6 = -4*n + 3*d. Let j = 1 + n. Suppose -j*u + 4*g = 4, -4*g = -2*g - 8. What is the units digit of u?
3
Let d be (-2)/10 + (-8)/(-40). Suppose 3*a + d*a - 111 = 0. What is the units digit of a?
7
Let r = -7 + 9. Suppose -2 + 20 = r*x. What is the units digit of x?
9
Let t be (-129)/(-6)*2/1. Suppose 67 = -0*b - 3*b - 5*n, -2*b - 4*n - 42 = 0. Let l = b + t. What is the units digit of l?
4
Let b = -127 + 230. What is the hundreds digit of b?
1
Let s(v) = -19*v - 4. Suppose -5*b - 52 + 12 = 2*g, -b + 14 = -4*g. Let n be s(b). Suppose 2*q - 5*u = 30, 7*q - 2*q - n = -5*u. What is the tens digit of q?
2
Let f be (0 + -3)*(0 + -5). Let z be ((-18)/f)/(6/20). What is the units digit of -1 + 2 + (-2 - z)?
3
Let m = -25 + 30. What is the units digit of m?
5
Suppose 7*k + 30 = -5*t + 2*k, 3*k = -12. Let u = t - 0. What is the units digit of u/(-4)*(-24)/(-2)?
6
Suppose -4*b - 233 = -4*l + 343, -15 = 5*b. What is the units digit of l?
1
Let d(p) = -2*p + 114. What is the tens digit of d(0)?
1
Suppose 0 = -3*z - 5*u + 103, -2*u = z + 3*u - 31. Let b = -15 + z. What is the tens digit of b?
2
Let b = 142 - 98. What is the tens digit of b?
4
Let r(a) = -a**2 + 9*a - 6. Let w be r(8). What is the tens digit of -35*(1 - w/1)?
3
Let v be (-1*2)/(-2) - -9. What is the units digit of 25/v*2/5?
1
Suppose 1 - 65 = -4*d. Let r = 30 - d. What is the units digit of r?
4
Suppose o + 4 = 6. Let u(i) = -i + 15. Let r be u(0). Suppose -5*p = -o*l - r, -p + 4*l - l = -3. What is the units digit of p?
3
Suppose 2 = -2*z - 4*c, -z + c - 1 = -2*c. Let w be (z + 2)*(-3 - -8). What is the units digit of (-1)/w - 46/(-5)?
9
Let i(c) = c**2 - 5*c - 6. Let j be i(-5). Suppose j = 3*t + t. What is the units digit of t?
1
Let r be (-590)/(-50) + (-1)/(-5). Let i = 14 - r. What is the units digit of i?
2
Let s(t) = t**3 + 16*t**2 + 9. Let i be s(-16). Suppose m - 2*m = -i. What is the units digit of m?
9
Suppose -3 - 8 = -a. What is the tens digit of a/(3 + 5/(-2))?
2
Suppose -46 + 10 = 3*m. Let c be (-7)/(-1 - 10/m). What is the tens digit of 12/c + (-192)/(-14)?
1
Suppose -i + 58 = -83. What is the tens digit of i?
4
Suppose 5*z + 2*p = 234, 0*p - 4*p = z - 54. Suppose z = -4*r - 34. What is the units digit of (-15)/r + 1/4?
1
Let h(p) = -p**2 + 6*p + 3. Let v be h(5). What is the units digit of (-51)/(-2) + 12/v?
7
Let l(x) be the first derivative of -x**3/3 - 13*x**2/2 - 7*x + 5. What is the units digit of l(-11)?
5
Suppose 0 = -4*k + 89 + 127. What is the tens digit of k?
5
Let r(l) = -6*l - 4. Let k be r(-7). Let v = k - 16. Suppose -3*g = 4*n - 23, 2*g + 4*n - v = -0*n. What is the units digit of g?
1
Let w(c) = c**3 - 2*c**2 - 3*c. Let q be w(3). Suppose -5*a + a + 2*m = q, 0 = -5*a + 2*m + 1. What is the units digit of a?
1
Suppose 40 + 15 = 5*k. Let a(o) = -o**3 + 10*o**2 + 11*o + 16. What is the units digit of a(k)?
6
Let k(c) be the first derivative of -c**3/3 + c**2/2 + 6*c - 2. What is the units digit of k(0)?
6
Suppose 0*n - 158 = -2*n + 4*s, 3*n + 3*s - 219 = 0. What is the units digit of n?
5
Let o be (-2)/9 - 120/(-54). Suppose 0 = v - 4, -3*s - 4*v = -o*s - 67. What is the units digit of s?
1
Let l(t) = 6*t + 18. What is the tens digit of l(0)?
1
Let o = -12 + 22. Let q = o - 10. What is the tens digit of 14 + (2 - (q - -1))?
1
Suppose 7*p + 5*p - 3036 = 0. What is the tens digit of p?
5
Let t be (22 - 8)*(-2)/(-4). What is the units digit of (25 + -1)*t/21?
8
Suppose 2*x + 176 = 6*x. What is the units digit of x?
4
Suppose 0 = 4*y - 3 - 29. What is the units digit of 0 + 2 + -4 + y?
6
Let u = 1 - 0. Suppose 0 + u = z - 3*w, 2*z = -w + 2. What is the units digit of 1 - 3 - -10*z?
8
Let w = 4 + -8. Let b be w/22 - (-96)/44. Suppose p = b*p - 5. What is the units digit of p?
5
Let f(g) = g**3 - 15*g**2 + 13*g - 27. What is the tens digit of f(16)?
3
Let m be (-26)/(-10) - 4/(-10). Suppose -12 + 4 = 2*h - 4*n, 3*h - m*n + 6 = 0. Suppose h = -2*g - 0 + 18. What is the units digit of g?
9
Suppose v + 5 - 1 = l, 2*l - 3*v = 3. What is the units digit of l*((-10)/6 + 2)?
3
Suppose 2*g